common divisor of 7 and x.
7
Let o(d) = -d**2 - 7. Let u be o(5). Let k be u*-1*(-6)/(-8). Let i be (-32)/(-6) + (-6)/(-9). Calculate the highest common factor of i and k.
6
Suppose 0 = 3*j + x - 3*x - 17, 2*x = 4. Suppose 2*n - 13 = j. Calculate the highest common factor of 10 and n.
10
Suppose -s + 5*s = 1232. Let d = -22 + 50. Calculate the highest common divisor of s and d.
28
Let r(o) = -o**3 - 6*o**2 - 6*o + 6. Let a = -3 + -2. Let b be r(a). Suppose -b = -2*m + 3. Calculate the greatest common divisor of m and 63.
7
Let k = 56 - 44. Suppose 0 = 2*j + 2*d - 34, -11 = j + 3*d - 38. Calculate the highest common divisor of j and k.
12
Let d = -25 + 45. What is the greatest common divisor of d and 80?
20
Let h be 5/(-2)*(-44)/5. Calculate the highest common factor of h and 11.
11
Suppose -j + 406 = 6*j. Suppose -2*r = -149 - 141. What is the highest common divisor of j and r?
29
Let s(d) = d**2 + 4*d - 13. Let n be s(-7). Suppose -4*k - 36 = -n*k. What is the highest common factor of 18 and k?
9
Suppose 0 = -2*o + 2 + 16. Suppose -4*w - 4 = -q - 5*w, -q + 4*w + o = 0. What is the highest common factor of q and 2?
1
Let v(k) = -2*k**3 - 3*k**2 + k - 1. Let j be v(-4). Calculate the highest common divisor of j and 15.
15
Let k(p) = -p**2 + 8*p - 13. Let z be k(5). Suppose l = 5*y + 7 - 3, -4*y + 8 = 0. Calculate the highest common factor of l and z.
2
Let i(c) = 3*c**3 + 0*c**2 + 7 + 6*c + 0*c**3 - 2*c**3 + 8*c**2. Let q be i(-7). Calculate the greatest common factor of q and 7.
7
Let t = -8 - -16. Suppose 2*l = z + t, 2*z + 5*l = -2*z + 33. Suppose -5 = -c - o + 2, -2*c + 30 = -z*o. Calculate the highest common factor of c and 22.
11
Suppose -5*l + 5*o = -80, 0 = -0*l - 2*l - 2*o + 52. What is the greatest common divisor of l and 7?
7
Suppose 5*k + 2*y + 142 = 3*y, k = y - 30. Let z be (k - 2)*(-6)/18. Let n be (-16)/(-2)*(-10)/(-8). Calculate the highest common divisor of n and z.
10
Let t be (4/10)/((-8)/40). Let o be t + 2 + (-1 - -16). Let h = 19 - 4. What is the highest common divisor of o and h?
15
Suppose t = 15 - 12. Calculate the highest common factor of 2 and t.
1
Let s = 163 + -67. Let h be -9*(-1 - (2 + 0)). Let f = -15 + h. What is the highest common divisor of f and s?
12
Suppose 9*s = s + 288. What is the highest common divisor of s and 4?
4
Let a(y) = -y**3 - 7*y**2 + 3. Let j be a(-7). Suppose j*i - 83 = -11. Let f be -2 - 96/(-44) - (-1316)/22. Calculate the greatest common factor of f and i.
12
Suppose 3*a = w - 10 - 43, -3*w = -3*a - 141. Let s(d) = -2*d + 5*d - 3 + 2. Let b be s(4). What is the greatest common divisor of w and b?
11
Suppose 0 = 13*y - 16*y + 18. Suppose -4*h + 4*n + 172 = 0, 0 = n - 5. Calculate the greatest common factor of y and h.
6
Let u(r) = -r**3 + 3*r**2 - r + 5. Let y(a) = -2*a + 2. Let c be y(3). Let s be u(c). Calculate the greatest common factor of s and 11.
11
Let q be (-22 - 1)*(24 + -25). What is the greatest common divisor of 46 and q?
23
Suppose -2*h + 13 = -27. Let v = h - 16. Let a(w) = 5*w**3 - 1. Let n be a(1). Calculate the highest common factor of n and v.
4
Let x be (38 + -28)/((-4)/(-6)). Let y = 14 + -8. Calculate the highest common factor of x and y.
3
Let s(r) = r**2 + 3*r - 3. Let d be s(2). Suppose c - 196 = -3*c. Calculate the highest common divisor of c and d.
7
Suppose 0 = -5*y, -2*y + 15 = 5*x - y. Suppose -q + 0 - x = 0. Let u be (-2*q/(-6))/(-1). What is the greatest common divisor of 2 and u?
1
Let r be 97/6 - (-1)/(-6). Let l be ((-6)/(-8))/((-1)/(-76)). Let j = -41 + l. What is the greatest common factor of j and r?
16
Suppose -4*k + 3*k = 0. Suppose 4*d + d - 245 = k. Calculate the highest common divisor of 7 and d.
7
Let n be (-11 + -3)*2/(-4). Let q be (2/(-2))/(2/(-98)). Calculate the greatest common divisor of n and q.
7
Let f(j) = -3*j + 1. Let m be f(-3). What is the highest common divisor of m and 50?
10
Suppose -2*b = 1 - 3. Let o be ((-5)/(20/(-36)))/b. What is the greatest common divisor of o and 3?
3
Let p be -2 - -3 - -1 - 52. Let i be (1/(-2))/((-1)/p). Let g = i - -37. Calculate the greatest common divisor of g and 24.
12
Let v be ((-4)/(-5))/((-6)/(-285)). Suppose -2*a + 35 = 3*z, -a = 3*z + 13 - v. Suppose 0*h + 2*h - 20 = 0. Calculate the greatest common factor of h and a.
10
Let g = 3 + 3. Suppose g*i = 2*i + 4. Let s be i/((-1)/3) + 5. What is the highest common factor of s and 6?
2
Suppose 2 = m - 0*m. Let h be (-400)/(-15) - m/3. Suppose -u + 2*c = -3, 3 + 2 = c. What is the highest common factor of h and u?
13
Let f(u) = 6*u - 22. Let r = 3 - -6. Let n be f(r). Suppose -5*h + 22 + 218 = 0. What is the greatest common divisor of h and n?
16
Let d be (-416)/(-65) - (-2)/(-5). Suppose 0 = -2*a + d + 26. Let u(w) = 5*w**2 + 2*w. Let r be u(-2). Calculate the highest common factor of a and r.
16
Let d = 6 - 8. Let p be (3/6)/(d/(-56)). What is the highest common divisor of p and 2?
2
Let p be 2 - 5 - (1 + -14). Let y = 7 + -4. Suppose y*r = -2 + 8. Calculate the highest common divisor of r and p.
2
Let t be 92/9 + (-8)/36. Calculate the highest common factor of t and 5.
5
Let f be (5 - 3)/((-15)/9 - -2). What is the highest common factor of 2 and f?
2
Suppose 25 = p + 2*h, -40 = -4*p + 2*h + 30. What is the greatest common factor of p and 19?
19
Let b be ((-16)/24)/((-4)/462). Suppose 22 = 2*y - 0*y. What is the greatest common divisor of b and y?
11
Let j be 7/35*4*40. Suppose 0 = -x - l + 77, -3*l + 0*l = -3*x + 249. Calculate the highest common divisor of x and j.
16
Let t(q) = 6*q**2 + 0 - 4*q**3 + 2 - 3*q + 5*q**3. Let z be t(-6). What is the highest common divisor of z and 8?
4
Suppose 8 = -5*v - r, v + r = -0*r. Let w(y) = -y**3 - 3*y**2 - y. Let h be w(-2). Let f be h - (-8 + 1 + v). What is the greatest common divisor of f and 63?
7
Let l be (2/(-3))/((-36)/2484). Calculate the greatest common factor of l and 23.
23
Let r be (7/(-2))/(-7)*0. Suppose r = -2*b + 126 - 16. Calculate the highest common factor of 22 and b.
11
Suppose t + 16 = 3*t. What is the greatest common divisor of 2 and t?
2
Let u be (-10)/4*(-4)/2. Suppose u*i - 34 = 6. Calculate the highest common factor of i and 88.
8
Let m be (3*8/(-12) - 66)/(-2). What is the highest common divisor of m and 238?
34
Let k = 8 - 9. Let t be 2*(k + 21/6). Calculate the highest common factor of t and 45.
5
Suppose 3*n = 4*i + 88, 3*n - 45 - 31 = i. Calculate the highest common divisor of 3 and n.
3
Let d be (1*5)/(12/84). Calculate the highest common divisor of 5 and d.
5
Let i(h) = h + 1. Let p be i(11). Let z be ((-3)/(-2))/(p/16). What is the highest common divisor of 16 and z?
2
Let f(d) = -d**3 + 5*d**2 + 9*d - 3. Suppose -3*x = 5*z - 21, -2*z + x - 3*x = -6. Let y be f(z). Calculate the highest common factor of 165 and y.
15
Suppose 0 = -3*g + 20 - 5. Suppose 3*b + 46 = -g*o, 5*b = -0*o + o + 26. Let c = 3 - o. Calculate the greatest common factor of c and 70.
14
Suppose -2*u = -6*u + 8. Suppose u*s - 14 = s. Calculate the highest common factor of s and 2.
2
Let x be (40/(0 + -1))/(-60 - -58). Calculate the greatest common factor of x and 180.
20
Let p(w) = 4*w**2 - w. Let i be p(-1). Calculate the greatest common divisor of 2 and i.
1
Suppose -p - 3*r + 12 = 0, -5*p + 4*r + 48 = -p. Let v(w) = 17*w + 7. Let o be v(-5). Let i = o + 162. Calculate the highest common factor of i and p.
12
Let m(k) = -k**2 + 20*k - 3. Let i be m(13). What is the highest common factor of i and 8?
8
Let h(j) = 2*j**2 + 2*j + 1. Let v be h(-1). Let w be 2 - (-11 - v) - -2. Calculate the greatest common divisor of 16 and w.
16
Suppose -132 = -7*l - 4*l. What is the highest common divisor of l and 36?
12
Suppose a + a - 62 = -2*x, 0 = x - a - 39. Let v = x + 25. Calculate the highest common factor of 6 and v.
6
Let n(w) = -w**3 - w**2 + 300. Let g be n(0). Calculate the greatest common divisor of 50 and g.
50
Let h = 7 - 4. Suppose 0*t = -t + h. Let a be 14 - ((t - 3) + 1). What is the greatest common divisor of 13 and a?
13
Suppose -i = -5*i - 3*c + 179, -3*i - c = -128. Suppose i = 3*l - 58. What is the greatest common factor of 3 and l?
3
Let z = 4 - 7. Let u(r) = r**2 + r - 1. Let c be u(z). Calculate the greatest common factor of c and 10.
5
Let b(v) = -4*v + 116. Let p be b(24). What is the highest